{"id":66,"date":"2024-01-30T16:16:18","date_gmt":"2024-01-30T16:16:18","guid":{"rendered":"https:\/\/ybbs.4dimensionen.eu\/?page_id=66"},"modified":"2024-03-26T16:55:36","modified_gmt":"2024-03-26T16:55:36","slug":"datenschutzerklaerung","status":"publish","type":"page","link":"https:\/\/ybbs.4dimensionen.eu\/en\/datenschutzerklaerung\/","title":{"rendered":"Privacy Policy"},"content":{"rendered":"<div style=\"height:100px\" aria-hidden=\"true\" class=\"wp-block-spacer\"><\/div>\n\n\n\n<h1 class=\"wp-block-heading alignwide has-text-align-center\">Privacy Policy<\/h1>\n\n\n\n<div style=\"height:60px\" aria-hidden=\"true\" class=\"wp-block-spacer\"><\/div>\n\n\n\n<div class=\"wp-block-group alignwide has-global-padding is-layout-constrained wp-container-core-group-is-layout-367a79b1 wp-block-group-is-layout-constrained\" style=\"padding-right:var(--wp--preset--spacing--10);padding-left:var(--wp--preset--spacing--10)\">\n<h3 class=\"wp-block-heading has-large-font-size\" id=\"datenschutz\">Datenschutz<\/h3>\n\n\n\n<p class=\"has-small-font-size\">Wir haben diese Datenschutzerkl\u00e4rung verfasst, um Ihnen gem\u00e4\u00df der Vorgaben der EU-Datenschutz-Grundverordnung zu erkl\u00e4ren, welche Informationen wir sammeln, wie wir Daten verwenden und welche Entscheidungsm\u00f6glichkeiten Sie als Besucher dieser Webseite haben. Leider liegt es in der Natur der Sache, dass diese Erkl\u00e4rungen sehr technisch klingen, wir haben uns bei der Erstellung jedoch bem\u00fcht die wichtigsten Dinge so einfach und klar zu beschreiben.<\/p>\n\n\n\n<hr class=\"wp-block-separator has-text-color has-contrast-2-color has-alpha-channel-opacity has-contrast-2-background-color has-background is-style-default\" style=\"margin-top:40px;margin-bottom:30px\"\/>\n\n\n\n<h3 class=\"wp-block-heading has-large-font-size\" id=\"speicherung-personlicher-daten\">Speicherung pers\u00f6nlicher Daten<\/h3>\n\n\n\n<p class=\"has-small-font-size\">Pers\u00f6nliche Daten, die Sie uns auf dieser Website elektronisch \u00fcbermitteln, wie zum Beispiel Name, E-Mail-Adresse, Adresse oder andere pers\u00f6nlichen Angaben im Rahmen der \u00dcbermittlung eines Formulars oder Kommentaren im Blog, werden von uns gemeinsam mit dem Zeitpunkt und der IP-Adresse nur zum jeweils angegebenen Zweck verwendet, sicher verwahrt und nicht an Dritte weitergegeben.&nbsp;Wir nutzen Ihre pers\u00f6nlichen Daten somit nur f\u00fcr die Kommunikation mit jenen Besuchern, die Kontakt ausdr\u00fccklich w\u00fcnschen und f\u00fcr die Abwicklung der auf dieser Webseite angebotenen Dienstleistungen und Produkte. Wir geben Ihre pers\u00f6nlichen Daten ohne Zustimmung nicht weiter, k\u00f6nnen jedoch nicht ausschlie\u00dfen, dass diese Daten beim Vorliegen von rechtswidrigem Verhalten eingesehen werden.&nbsp;Wenn Sie uns pers\u00f6nliche Daten per E-Mail schicken \u2013 somit abseits dieser Webseite \u2013 k\u00f6nnen wir keine sichere \u00dcbertragung und den Schutz Ihrer Daten garantieren. Wir empfehlen Ihnen, vertrauliche Daten niemals unverschl\u00fcsselt per E-Mail zu \u00fcbermitteln.<\/p>\n\n\n\n<hr class=\"wp-block-separator has-text-color has-contrast-2-color has-alpha-channel-opacity has-contrast-2-background-color has-background is-style-default\" style=\"margin-top:40px;margin-bottom:30px\"\/>\n\n\n\n<h3 class=\"wp-block-heading has-large-font-size\" id=\"speicherung-personlicher-daten\">Ihre Rechte<\/h3>\n\n\n\n<p class=\"has-small-font-size\">Ihnen stehen grunds\u00e4tzlich die Rechte auf Auskunft, Berichtigung, L\u00f6schung, Einschr\u00e4nkung, Daten\u00fcbertragbarkeit, Widerruf und Widerspruch zu. Wenn Sie glauben, dass die Verarbeitung Ihrer Daten gegen das Datenschutzrecht verst\u00f6\u00dft oder Ihre datenschutzrechtlichen Anspr\u00fcche sonst in einer Weise verletzt worden sind, k\u00f6nnen Sie sich bei der Aufsichtsbeh\u00f6rde beschweren. In \u00d6sterreich ist dies die Datenschutzbeh\u00f6rde, deren Webseiten Sie unter<a href=\"https:\/\/www.dsb.gv.at\/\" target=\"_blank\" rel=\"noreferrer noopener\">&nbsp;https:\/\/www.dsb.gv.at\/<\/a>&nbsp;finden.<\/p>\n\n\n\n<hr class=\"wp-block-separator has-text-color has-contrast-2-color has-alpha-channel-opacity has-contrast-2-background-color has-background is-style-default\" style=\"margin-top:40px;margin-bottom:30px\"\/>\n\n\n\n<h3 class=\"wp-block-heading has-large-font-size\" id=\"speicherung-personlicher-daten\">SSL<\/h3>\n\n\n\n<p class=\"has-small-font-size\">Um Ihre \u00fcbermittelten Daten bestm\u00f6glich zu sch\u00fctzen nutzt diese Website eine SSL-Verschl\u00fcsselung. Diese Art der verschl\u00fcsselten Verbindungen erkennen Sie an dem Pr\u00e4fix \u201chttps:\/\/\u201c im Seitenlink in der Adresszeile Ihres Browsers oder am gut sichtbaren \u201eSchloss\u201c-Symbol. Wenn die SSL-Verschl\u00fcsselung aktiviert ist, k\u00f6nnen s\u00e4mtliche Daten, die Sie an uns \u00fcbermitteln, nicht von Dritten mitgelesen werden.<\/p>\n\n\n\n<hr class=\"wp-block-separator has-text-color has-contrast-2-color has-alpha-channel-opacity has-contrast-2-background-color has-background is-style-default\" style=\"margin-top:40px;margin-bottom:30px\"\/>\n\n\n\n<h3 class=\"wp-block-heading has-large-font-size\" id=\"speicherung-personlicher-daten\">Cookies<\/h3>\n\n\n\n<p class=\"has-small-font-size\">Diese Webseite verwendet Cookies. Dabei handelt es sich um Textdateien, die w\u00e4hrend des Webseiten-Besuchs \u00fcber einen Internetbrowser auf einem Computersystem abgelegt und gespeichert werden. Durch den Einsatz von Cookies k\u00f6nnen wir den NutzerInnen dieser Webseite nutzerfreundlichere Services bereitstellen. Cookies erm\u00f6glichen, die BenutzerInnen der Webseite wiederzuerkennen (Anzahl, Nutzungsh\u00e4ufigkeit). Eine erforderliche Einwilligung holen wir ein. Eine Einzelprofilbildung \u00fcber das Nutzungsverhalten findet nicht statt.<\/p>\n\n\n\n<p class=\"has-small-font-size\">Sie k\u00f6nnen in Ihrem Internetbrowser sowohl den Einsatz von Cookies deaktivieren als auch bereits gesetzte Cookies entfernen. Bitte beachten Sie, dass dies evtl. die Darstellung der Webseite und Benutzerf\u00fchrung einschr\u00e4nkt.<\/p>\n\n\n\n<hr class=\"wp-block-separator has-text-color has-contrast-2-color has-alpha-channel-opacity has-contrast-2-background-color has-background is-style-default\" style=\"margin-top:40px;margin-bottom:30px\"\/>\n\n\n\n<h3 class=\"wp-block-heading is-style-default has-large-font-size\" id=\"speicherung-personlicher-daten\">Zugriffsdaten<\/h3>\n\n\n\n<p class=\"has-small-font-size\">Aus Gr\u00fcnden der Betriebssicherheit erhebt der Seitenprovider (mur.at) Daten \u00fcber Zugriffe auf die Seite und speichert diese als \u201eServer-Logfiles\u201c f\u00fcr 30 Tage. Der Seitenprovider stellt uns Server-Logfiles zu statistischen Auswertungen zur Verf\u00fcgung. Diese enthalten jedoch keine IP-Adressen und gelten deshalb als anonymisiert.<\/p>\n\n\n\n<p class=\"has-small-font-size\"><a href=\"https:\/\/mur.at\/page\/datenschutzerklaerung\/\" data-type=\"link\" data-id=\"https:\/\/mur.at\/page\/datenschutzerklaerung\/\" target=\"_blank\" rel=\"noreferrer noopener\">Datenschutzerkl\u00e4rung mur.at <\/a><\/p>\n\n\n\n<hr class=\"wp-block-separator has-text-color has-contrast-2-color has-alpha-channel-opacity has-contrast-2-background-color has-background is-style-default\" style=\"margin-top:40px;margin-bottom:30px\"\/>\n\n\n\n<h3 class=\"wp-block-heading has-large-font-size\" id=\"speicherung-personlicher-daten\">Newsletter-Abonnement<\/h3>\n\n\n\n<p class=\"has-small-font-size\">Falls Sie sich f\u00fcr unseren kostenlosen Newsletter anmelden, werden die von Ihnen hierzu abgefragten Daten, also Ihre E-Mail-Adresse sowie \u2013 optional \u2013 Ihr Name und Ihre Anschrift, an uns \u00fcbermittelt. Gleichzeitig speichern wir die IP-Adresse des Internetanschlusses von dem aus Sie auf unseren Internetauftritt zugreifen sowie Datum und Uhrzeit Ihrer Anmeldung. Im Rahmen des weiteren Anmeldevorgangs werden wir Ihre Einwilligung in die \u00dcbersendung des Newsletters einholen, den Inhalt konkret beschreiben und auf diese Datenschutzerkl\u00e4rung verwiesen. Die dabei erhobenen Daten verwenden wir ausschlie\u00dflich f\u00fcr den Newsletter-Versand \u2013 sie werden deshalb insbesondere auch nicht an Dritte weitergegeben.<\/p>\n\n\n\n<p class=\"has-small-font-size\">Rechtsgrundlage hierbei ist Art. 6 Abs. 1 lit. a) DSGVO.<\/p>\n\n\n\n<p class=\"has-small-font-size\">Die Einwilligung in den Newsletter-Versand k\u00f6nnen Sie gem\u00e4\u00df Art. 7 Abs. 3 DSGVO jederzeit mit Wirkung f\u00fcr die Zukunft widerrufen. Hierzu m\u00fcssen Sie uns lediglich \u00fcber Ihren Widerruf in Kenntnis setzen oder den in jedem Newsletter enthaltenen Abmeldelink bet\u00e4tigen.<\/p>\n\n\n\n<hr class=\"wp-block-separator has-text-color has-contrast-2-color has-alpha-channel-opacity has-contrast-2-background-color has-background is-style-default\" style=\"margin-top:40px;margin-bottom:30px\"\/>\n\n\n\n<h3 class=\"wp-block-heading has-large-font-size\" id=\"speicherung-personlicher-daten\">So erreichen Sie&nbsp;uns:<\/h3>\n\n\n\n<p class=\"has-small-font-size\">Mag.<sup>a<\/sup>&nbsp;Sylvia Petrovic-Majer&nbsp;<br><a href=\"mailto:sylp@openglam.at\">sylp@openglam.at<\/a><\/p>\n\n\n\n<p class=\"has-small-font-size\"><strong>Unsere Datenschutzbeauftragte erreichen Sie&nbsp;unter:<\/strong><br><br><a href=\"mailto:sylp@openglam.at\">sylp@openglam.at<\/a><\/p>\n<\/div>\n\n\n\n<div style=\"height:100px\" aria-hidden=\"true\" class=\"wp-block-spacer\"><\/div>","protected":false},"excerpt":{"rendered":"<p>Datenschutzerkl\u00e4rung Datenschutz Wir haben diese Datenschutzerkl\u00e4rung verfasst, um Ihnen gem\u00e4\u00df der Vorgaben der EU-Datenschutz-Grundverordnung zu erkl\u00e4ren, welche Informationen wir sammeln, wie wir Daten verwenden und welche Entscheidungsm\u00f6glichkeiten Sie als Besucher dieser Webseite haben. Leider liegt es in der Natur der Sache, dass diese Erkl\u00e4rungen sehr technisch klingen, wir haben uns bei der Erstellung jedoch bem\u00fcht [&hellip;]<\/p>","protected":false},"author":2,"featured_media":0,"parent":0,"menu_order":0,"comment_status":"closed","ping_status":"closed","template":"page-no-title","meta":{"footnotes":""},"class_list":["post-66","page","type-page","status-publish","hentry"],"_links":{"self":[{"href":"https:\/\/ybbs.4dimensionen.eu\/en\/wp-json\/wp\/v2\/pages\/66","targetHints":{"allow":["GET"]}}],"collection":[{"href":"https:\/\/ybbs.4dimensionen.eu\/en\/wp-json\/wp\/v2\/pages"}],"about":[{"href":"https:\/\/ybbs.4dimensionen.eu\/en\/wp-json\/wp\/v2\/types\/page"}],"author":[{"embeddable":true,"href":"https:\/\/ybbs.4dimensionen.eu\/en\/wp-json\/wp\/v2\/users\/2"}],"replies":[{"embeddable":true,"href":"https:\/\/ybbs.4dimensionen.eu\/en\/wp-json\/wp\/v2\/comments?post=66"}],"version-history":[{"count":15,"href":"https:\/\/ybbs.4dimensionen.eu\/en\/wp-json\/wp\/v2\/pages\/66\/revisions"}],"predecessor-version":[{"id":433,"href":"https:\/\/ybbs.4dimensionen.eu\/en\/wp-json\/wp\/v2\/pages\/66\/revisions\/433"}],"wp:attachment":[{"href":"https:\/\/ybbs.4dimensionen.eu\/en\/wp-json\/wp\/v2\/media?parent=66"}],"curies":[{"name":"wp","href":"https:\/\/api.w.org\/{rel}","templated":true}]}}

<div style="height:100px" aria-hidden="true" class="wp-block-spacer"></div>



<h1 class="wp-block-heading alignwide has-text-align-center">Privacy Policy</h1>



<div style="height:60px" aria-hidden="true" class="wp-block-spacer"></div>



<div class="wp-block-group alignwide has-global-padding is-layout-constrained wp-container-core-group-is-layout-367a79b1 wp-block-group-is-layout-constrained" style="padding-right:var(--wp--preset--spacing--10);padding-left:var(--wp--preset--spacing--10)">
<h3 class="wp-block-heading has-large-font-size" id="datenschutz">Datenschutz</h3>



<p class="has-small-font-size">Wir haben diese Datenschutzerklärung verfasst, um Ihnen gemäß der Vorgaben der EU-Datenschutz-Grundverordnung zu erklären, welche Informationen wir sammeln, wie wir Daten verwenden und welche Entscheidungsmöglichkeiten Sie als Besucher dieser Webseite haben. Leider liegt es in der Natur der Sache, dass diese Erklärungen sehr technisch klingen, wir haben uns bei der Erstellung jedoch bemüht die wichtigsten Dinge so einfach und klar zu beschreiben.</p>



<hr class="wp-block-separator has-text-color has-contrast-2-color has-alpha-channel-opacity has-contrast-2-background-color has-background is-style-default" style="margin-top:40px;margin-bottom:30px"/>



<h3 class="wp-block-heading has-large-font-size" id="speicherung-personlicher-daten">Speicherung persönlicher Daten</h3>



<p class="has-small-font-size">Persönliche Daten, die Sie uns auf dieser Website elektronisch übermitteln, wie zum Beispiel Name, E-Mail-Adresse, Adresse oder andere persönlichen Angaben im Rahmen der Übermittlung eines Formulars oder Kommentaren im Blog, werden von uns gemeinsam mit dem Zeitpunkt und der IP-Adresse nur zum jeweils angegebenen Zweck verwendet, sicher verwahrt und nicht an Dritte weitergegeben.&nbsp;Wir nutzen Ihre persönlichen Daten somit nur für die Kommunikation mit jenen Besuchern, die Kontakt ausdrücklich wünschen und für die Abwicklung der auf dieser Webseite angebotenen Dienstleistungen und Produkte. Wir geben Ihre persönlichen Daten ohne Zustimmung nicht weiter, können jedoch nicht ausschließen, dass diese Daten beim Vorliegen von rechtswidrigem Verhalten eingesehen werden.&nbsp;Wenn Sie uns persönliche Daten per E-Mail schicken – somit abseits dieser Webseite – können wir keine sichere Übertragung und den Schutz Ihrer Daten garantieren. Wir empfehlen Ihnen, vertrauliche Daten niemals unverschlüsselt per E-Mail zu übermitteln.</p>



<hr class="wp-block-separator has-text-color has-contrast-2-color has-alpha-channel-opacity has-contrast-2-background-color has-background is-style-default" style="margin-top:40px;margin-bottom:30px"/>



<h3 class="wp-block-heading has-large-font-size" id="speicherung-personlicher-daten">Ihre Rechte</h3>



<p class="has-small-font-size">Ihnen stehen grundsätzlich die Rechte auf Auskunft, Berichtigung, Löschung, Einschränkung, Datenübertragbarkeit, Widerruf und Widerspruch zu. Wenn Sie glauben, dass die Verarbeitung Ihrer Daten gegen das Datenschutzrecht verstößt oder Ihre datenschutzrechtlichen Ansprüche sonst in einer Weise verletzt worden sind, können Sie sich bei der Aufsichtsbehörde beschweren. In Österreich ist dies die Datenschutzbehörde, deren Webseiten Sie unter<a href="https://www.dsb.gv.at/" target="_blank" rel="noreferrer noopener">&nbsp;https://www.dsb.gv.at/</a>&nbsp;finden.</p>



<hr class="wp-block-separator has-text-color has-contrast-2-color has-alpha-channel-opacity has-contrast-2-background-color has-background is-style-default" style="margin-top:40px;margin-bottom:30px"/>



<h3 class="wp-block-heading has-large-font-size" id="speicherung-personlicher-daten">SSL</h3>



<p class="has-small-font-size">Um Ihre übermittelten Daten bestmöglich zu schützen nutzt diese Website eine SSL-Verschlüsselung. Diese Art der verschlüsselten Verbindungen erkennen Sie an dem Präfix “https://“ im Seitenlink in der Adresszeile Ihres Browsers oder am gut sichtbaren „Schloss“-Symbol. Wenn die SSL-Verschlüsselung aktiviert ist, können sämtliche Daten, die Sie an uns übermitteln, nicht von Dritten mitgelesen werden.</p>



<hr class="wp-block-separator has-text-color has-contrast-2-color has-alpha-channel-opacity has-contrast-2-background-color has-background is-style-default" style="margin-top:40px;margin-bottom:30px"/>



<h3 class="wp-block-heading has-large-font-size" id="speicherung-personlicher-daten">Cookies</h3>



<p class="has-small-font-size">Diese Webseite verwendet Cookies. Dabei handelt es sich um Textdateien, die während des Webseiten-Besuchs über einen Internetbrowser auf einem Computersystem abgelegt und gespeichert werden. Durch den Einsatz von Cookies können wir den NutzerInnen dieser Webseite nutzerfreundlichere Services bereitstellen. Cookies ermöglichen, die BenutzerInnen der Webseite wiederzuerkennen (Anzahl, Nutzungshäufigkeit). Eine erforderliche Einwilligung holen wir ein. Eine Einzelprofilbildung über das Nutzungsverhalten findet nicht statt.</p>



<p class="has-small-font-size">Sie können in Ihrem Internetbrowser sowohl den Einsatz von Cookies deaktivieren als auch bereits gesetzte Cookies entfernen. Bitte beachten Sie, dass dies evtl. die Darstellung der Webseite und Benutzerführung einschränkt.</p>



<hr class="wp-block-separator has-text-color has-contrast-2-color has-alpha-channel-opacity has-contrast-2-background-color has-background is-style-default" style="margin-top:40px;margin-bottom:30px"/>



<h3 class="wp-block-heading is-style-default has-large-font-size" id="speicherung-personlicher-daten">Zugriffsdaten</h3>



<p class="has-small-font-size">Aus Gründen der Betriebssicherheit erhebt der Seitenprovider (mur.at) Daten über Zugriffe auf die Seite und speichert diese als „Server-Logfiles“ für 30 Tage. Der Seitenprovider stellt uns Server-Logfiles zu statistischen Auswertungen zur Verfügung. Diese enthalten jedoch keine IP-Adressen und gelten deshalb als anonymisiert.</p>



<p class="has-small-font-size"><a href="https://mur.at/page/datenschutzerklaerung/" data-type="link" data-id="https://mur.at/page/datenschutzerklaerung/" target="_blank" rel="noreferrer noopener">Datenschutzerklärung mur.at </a></p>



<hr class="wp-block-separator has-text-color has-contrast-2-color has-alpha-channel-opacity has-contrast-2-background-color has-background is-style-default" style="margin-top:40px;margin-bottom:30px"/>



<h3 class="wp-block-heading has-large-font-size" id="speicherung-personlicher-daten">Newsletter-Abonnement</h3>



<p class="has-small-font-size">Falls Sie sich für unseren kostenlosen Newsletter anmelden, werden die von Ihnen hierzu abgefragten Daten, also Ihre E-Mail-Adresse sowie – optional – Ihr Name und Ihre Anschrift, an uns übermittelt. Gleichzeitig speichern wir die IP-Adresse des Internetanschlusses von dem aus Sie auf unseren Internetauftritt zugreifen sowie Datum und Uhrzeit Ihrer Anmeldung. Im Rahmen des weiteren Anmeldevorgangs werden wir Ihre Einwilligung in die Übersendung des Newsletters einholen, den Inhalt konkret beschreiben und auf diese Datenschutzerklärung verwiesen. Die dabei erhobenen Daten verwenden wir ausschließlich für den Newsletter-Versand – sie werden deshalb insbesondere auch nicht an Dritte weitergegeben.</p>



<p class="has-small-font-size">Rechtsgrundlage hierbei ist Art. 6 Abs. 1 lit. a) DSGVO.</p>



<p class="has-small-font-size">Die Einwilligung in den Newsletter-Versand können Sie gemäß Art. 7 Abs. 3 DSGVO jederzeit mit Wirkung für die Zukunft widerrufen. Hierzu müssen Sie uns lediglich über Ihren Widerruf in Kenntnis setzen oder den in jedem Newsletter enthaltenen Abmeldelink betätigen.</p>



<hr class="wp-block-separator has-text-color has-contrast-2-color has-alpha-channel-opacity has-contrast-2-background-color has-background is-style-default" style="margin-top:40px;margin-bottom:30px"/>



<h3 class="wp-block-heading has-large-font-size" id="speicherung-personlicher-daten">So erreichen Sie&nbsp;uns:</h3>



<p class="has-small-font-size">Mag.<sup>a</sup>&nbsp;Sylvia Petrovic-Majer&nbsp;<br><a href="mailto:sylp@openglam.at">sylp@openglam.at</a></p>



<p class="has-small-font-size"><strong>Unsere Datenschutzbeauftragte erreichen Sie&nbsp;unter:</strong><br><br><a href="mailto:sylp@openglam.at">sylp@openglam.at</a></p>
</div>



<div style="height:100px" aria-hidden="true" class="wp-block-spacer"></div>

<p>Datenschutzerklärung Datenschutz Wir haben diese Datenschutzerklärung verfasst, um Ihnen gemäß der Vorgaben der EU-Datenschutz-Grundverordnung zu erklären, welche Informationen wir sammeln, wie wir Daten verwenden und welche Entscheidungsmöglichkeiten Sie als Besucher dieser Webseite haben. Leider liegt es in der Natur der Sache, dass diese Erklärungen sehr technisch klingen, wir haben uns bei der Erstellung jedoch bemüht [&hellip;]</p>
